remainder when n is divided by 11.
9
Let u(o) = -2*o**3 - 3*o**2 - 7*o - 23. Let c(p) = -p**3 - 2*p**2 - 4*p - 11. Let h(n) = -13*c(n) + 6*u(n). Calculate the remainder when 49 is divided by h(-6).
15
Let y = 22 - 14. Let w = 5 + y. Calculate the remainder when w is divided by 8.
5
Let t be -3 + 32 - (-1 + 2). Suppose 0 = u - t - 67. What is the remainder when u is divided by 24?
23
Suppose 2*j + 94 = 5*n - 0*j, -4*j = 3*n - 46. Calculate the remainder when 82 is divided by n.
10
Let y = -221 - -393. Suppose 5*u - 4*h = 236, -5*u = 3*h - 256 + 48. What is the remainder when y is divided by u?
40
Let b be 10/(-8)*(-1 - (74 - 3)). Suppose b*w - 23 = 89*w. Calculate the remainder when 68 is divided by w.
22
Let k(h) = h**2 - 3*h. Let y be k(5). Suppose q - 2 = 3*q, 2*i + 2*q = -y. Let x(j) = j**3 + 5*j**2 - 2*j - 3. What is the remainder when 80 is divided by x(i)?
17
Let r = 95 - 60. Calculate the remainder when 103 is divided by r.
33
Let v(l) be the second derivative of -11*l**4/12 + l**3/3 - l**2/2 - 4*l. Let i be v(1). Calculate the remainder when 42 is divided by 94/6 - i/(-15).
12
Suppose 16 = 3*t - q, -3*t + 2*q + 6 + 5 = 0. Let l = 39 + -41. Calculate the remainder when (1/(-3))/(l/108) is divided by t.
4
Let v = -901 + 999. Calculate the remainder when v is divided by 50.
48
Let r = -266 + 279. Suppose 4*s - 20 = -q, -4*s - 3*q + 10 = -18. Calculate the remainder when r is divided by s.
1
Let d = -1075 - -1109. What is the remainder when 65 is divided by d?
31
Let p(x) = 4*x - 5. Let d(o) = -o. Let j(y) = -4*d(y) + p(y). What is the remainder when 152/(-12)*6/(-4) is divided by j(2)?
8
Suppose 8*k - 126 = 5*k. Suppose -k = -i + 45. What is the remainder when i is divided by 45?
42
Suppose 0*s + s = -5*x + 285, 0 = -4*x - s + 227. Calculate the remainder when 519 is divided by x.
55
Suppose -91 = 10*q - 17*q. What is the remainder when 102 is divided by q?
11
Suppose -4*r + 18*k + 719 = 17*k, 5*k + 518 = 3*r. What is the remainder when r is divided by 29?
7
Let l = 27 + 11. Suppose 0 = 5*s - s - 16. Suppose 0 = s*y + 5*m - 40, -50 = -2*y - 3*y + m. What is the remainder when l is divided by y?
8
Calculate the remainder when 1*236/(-8)*-6 is divided by 10.
7
Suppose 2*h - 73 + 27 = 0. Let r(w) = w**2 - 5*w + 43. What is the remainder when r(5) is divided by h?
20
Suppose -19*b + 1020 = b. What is the remainder when b is divided by 15?
6
Suppose -5*s - 3*h = -906, -3*s + 552 = -5*h + 4*h. Calculate the remainder when s is divided by 113.
70
Let q(z) = z**2 - 32*z + 168. Calculate the remainder when 68 is divided by q(26).
8
Calculate the remainder when (1372/(-245))/((-1)/35) is divided by 61.
13
Calculate the remainder when (-3517)/(-17) - (618/(-51) - -12) is divided by 14.
11
Let i = -10285 + 10305. Calculate the remainder when (4/(-3) - 0)*-87 is divided by i.
16
Let m(o) = -61*o - 230. Let r be (2 + 0 + 0)/(-1). Let f = r + 10. What is the remainder when m(-4) is divided by f?
6
Suppose -3*r - 101 = -134. Calculate the remainder when 43 is divided by r.
10
What is the remainder when (-262)/(-4) + 6/(-12) is divided by 0 - -23 - (6 - 6)?
19
Calculate the remainder when (0 - 19)*126/(-12)*4 is divided by 47.
46
Suppose -8 = l - 3*l, 2*u = -3*l + 82. Suppose -x - 15 + 53 = -5*t, -42 = -7*t. Calculate the remainder when x is divided by u.
33
Let f = 708 - 682. What is the remainder when 101 is divided by f?
23
Suppose 0 = 9*g - g - 8. What is the remainder when 28 is divided by (-6*g)/(12/(-32))?
12
Let h = -2519 + 2801. What is the remainder when h is divided by 72?
66
Suppose -u - u - 10 = 0, 282 = 2*n - 2*u. What is the remainder when n is divided by 21?
10
Let j be 6/(-21) - 354/(-14). What is the remainder when 48 is divided by (-8)/20 - (-660)/j?
22
Let o(h) = -43*h**3 + 2*h**2 + 2*h. Let u = -1 + -2. Calculate the remainder when o(-1) is divided by -3*1 + (-42)/u.
10
What is the remainder when 132 is divided by (-25)/((-150)/228) - 8?
12
Let f(n) = -n**3 + 5*n**2 - n + 2. Let u = 1528 - 1491. What is the remainder when u is divided by f(4)?
9
Let g(j) = j**3 + 12*j**2 - 15*j - 14. What is the remainder when g(-12) is divided by ((-84)/(-10))/((-2)/(-10))?
40
Suppose -220*s + 3906 = 59*s. Let a = -79 + 426. Calculate the remainder when a is divided by s.
11
Suppose -3*b + 5*g = -100, 10*b - 6*b - 126 = 3*g. Let a be 0 + 0 - (-10)/5. Suppose -3*f - a*f = -40. Calculate the remainder when b is divided by f.
6
Let o(h) = -2*h - 3 + 0*h + 3 - 6. Let j be o(-6). Suppose 43 = j*c + 1. What is the remainder when 25 is divided by c?
4
Let b(j) = -1 - 10*j - 12 - 9*j**2 - j**3 + 10*j - 2*j. Calculate the remainder when 24 is divided by b(-9).
4
Suppose 0 = 4*v - 4*t - 24, -4*t + 5 = 3*v + 1. Suppose 6*h - v*h = 16. What is the remainder when 15 is divided by h?
7
Let u(a) = 3*a**3 + 3*a**2 + 2*a + 8. Let h be u(-3). Let z = 65 + h. Calculate the remainder when 25 is divided by z.
12
Suppose 82 = 3*j - 2*b, -137 = -5*j + b + 2. What is the remainder when j is divided by 4/(-16) - (-90)/8?
6
Let x = 2199 + -1518. Calculate the remainder when x is divided by 42.
9
Let p = -113 - -124. Let d(r) = -r**3 + 5*r**2 + 2. Let v be d(5). Suppose 0 = -0*f + v*f - 60. Calculate the remainder when f is divided by p.
8
Calculate the remainder when 274 is divided by (-3)/(-7) - 14743/(-161).
90
Suppose -3*z + 20 = h - 11, 0 = -5*z + 15. Calculate the remainder when h is divided by 8.
6
Let z be 24 + -16 - (2 - -1). Calculate the remainder when ((-18)/z)/(-9*(-6)/(-180)) is divided by 3.
0
Let k = -11 - -22. Suppose -6*n = -k*n + 85. What is the remainder when (1/(-3))/(14/(-1386)) is divided by n?
16
Suppose 16*j - 2059 + 971 = 0. What is the remainder when j is divided by 47?
21
Let q = -45 + 70. Let b = -4 + 11. Calculate the remainder when q is divided by b.
4
Let p = 52 - 25. Suppose -p*k + 25*k + 26 = 0. What is the remainder when k is divided by 4?
1
Let u = 171 - 156. Suppose -i + 0*i + 57 = 0. Calculate the remainder when i is divided by u.
12
Suppose 0 = r + 2*j - 8, 24 = 4*r + 2*j - 14. Let m(d) = 51*d - 18. Let z be m(2). Let y = -48 + z. What is the remainder when y is divided by r?
6
Suppose 0 = 4*h + 3*z - 324, h - 5*z - 80 = -6*z. What is the remainder when h is divided by 33?
18
Calculate the remainder when 0 + 1 + (-127)/(-3)*3 is divided by 20.
8
Let p(a) = a**3 - 5*a**2 + a - 9. What is the remainder when 227 is divided by p(6)?
29
Suppose 6588 = 26*c + 764. What is the remainder when c is divided by 75?
74
Let v(w) = -w**3 + 4*w. Let f be v(3). Let m = f - -7. Calculate the remainder when (m/12)/((-8)/468) is divided by 10.
9
Let g(w) be the first derivative of -1 + 3*w + 5/2*w**2 + 2*w**3 + 1/4*w**4. Calculate the remainder when 44 is divided by g(-4).
14
Let d = 23 + -7. Suppose t = -t + d. What is the remainder when 21 is divided by t?
5
Let i = -120 + 73. Let z = i + 58. Calculate the remainder when 53 is divided by z.
9
Suppose 0 = 3*k + 5*f - 80, 0 = -f - 3 + 4. What is the remainder when 37 is divided by k?
12
Let f(t) = 3*t**2 + t - 8. Suppose -5*r = 22 - 2. Calculate the remainder when f(r) is divided by 19.
17
Let v(t) = 3*t**3 - t**2 - t - 5. What is the remainder when v(3) is divided by 20?
4
Let g = -173 - -273. Calculate the remainder when g is divided by 34.
32
Let y(q) = 3 + 2*q - 8 - 3*q + 3*q. Let r be y(9). Let v = 14 - r. What is the remainder when v is divided by 1?
0
Suppose 3*t + 5*u = 2*u + 72, 0 = -2*u - 10. Calculate the remainder when 144 is divided by t.
28
Suppose 3*j - 10 - 2 = 0. Suppose -h = j*c - 156, 4*h + h + 117 = 3*c. Let u(f) = -65*f - 500. What is the remainder when c is divided by u(-8)?
19
Let g = 35 + -23. Let u be 6/(-21) + 30/7. Calculate the remainder when u/(-2)*99/(-6) is divided by g.
9
Suppose -5*n + 51 = z, z - 3*n + 5*n = 48. Let q = -7 + z. Suppose i - 4 = 10. Calculate the remainder when q is divided by i.
11
Let o(v) = v**2 - 17*v + 36. Let c = 66 + -51. Calculate the remainder when 20 is divided by o(c).
2
Let u(z) = 43*z**2 - 5*z + 1. What is the remainder when u(4) is divided by 56?
53
Suppose 4*d - 8*d - 2*c = -142, 3*d - 89 = 2*c. Let b be (-4)/(1*(-1)/262). Calculate the remainder when (b/(-16))/(2/(-4)) is divided by d.
32
Let f = 3 + -3. Suppose y + 2*y - 48 = f. What is 